t common factor of 2 and 7.
1
Calculate the greatest common factor of 26 and 14885.
13
What is the highest common factor of 545 and 5?
5
What is the highest common divisor of 40 and 220?
20
Calculate the highest common divisor of 648 and 192.
24
What is the highest common divisor of 186 and 15438?
186
Calculate the highest common factor of 74899 and 121.
121
Calculate the greatest common divisor of 143 and 44.
11
What is the highest common divisor of 2448 and 576?
144
Calculate the greatest common factor of 171 and 99.
9
Calculate the highest common factor of 244 and 4941.
61
What is the highest common divisor of 1000 and 16?
8
Calculate the greatest common divisor of 765 and 10.
5
What is the highest common divisor of 25 and 1835?
5
Calculate the highest common divisor of 48 and 15.
3
Calculate the highest common divisor of 42 and 2526.
6
Calculate the greatest common factor of 278 and 17.
1
Calculate the highest common factor of 36 and 1026.
18
What is the greatest common factor of 91 and 13?
13
Calculate the greatest common divisor of 23 and 2783.
23
Calculate the greatest common divisor of 4 and 480.
4
Calculate the highest common divisor of 1443 and 37.
37
Calculate the highest common factor of 273 and 777.
21
What is the highest common factor of 425 and 85?
85
What is the greatest common divisor of 156 and 48?
12
What is the greatest common factor of 4 and 908?
4
Calculate the highest common factor of 1128 and 3525.
141
What is the greatest common factor of 5925 and 711?
237
Calculate the greatest common factor of 4234 and 58.
58
Calculate the greatest common factor of 9308 and 13.
13
What is the greatest common factor of 2028 and 52?
52
Calculate the greatest common divisor of 1394 and 340.
34
Calculate the greatest common divisor of 42 and 70.
14
What is the highest common divisor of 60 and 45?
15
What is the highest common divisor of 4640 and 145?
145
Calculate the highest common divisor of 5848 and 272.
136
Calculate the highest common divisor of 441 and 27.
9
Calculate the greatest common factor of 232 and 24.
8
What is the greatest common divisor of 105 and 546?
21
What is the greatest common factor of 1235 and 57?
19
What is the greatest common divisor of 3277 and 113?
113
What is the greatest common divisor of 14734 and 106?
106
Calculate the greatest common divisor of 116 and 29.
29
What is the highest common divisor of 259 and 1480?
37
What is the highest common divisor of 97 and 3007?
97
What is the greatest common factor of 110 and 22?
22
What is the highest common divisor of 1985 and 5?
5
Calculate the highest common factor of 30 and 780.
30
What is the greatest common factor of 236 and 1239?
59
Calculate the highest common divisor of 69 and 1587.
69
Calculate the highest common divisor of 3325 and 2275.
175
What is the highest common divisor of 4 and 4?
4
What is the greatest common factor of 48 and 42?
6
What is the highest common factor of 55 and 9405?
55
Calculate the greatest common factor of 18 and 60.
6
Calculate the highest common divisor of 24 and 20.
4
Calculate the greatest common divisor of 693 and 3773.
77
Calculate the highest common divisor of 341 and 403.
31
Calculate the greatest common factor of 11484 and 9.
9
What is the highest common divisor of 441 and 693?
63
What is the greatest common divisor of 155 and 1891?
31
What is the greatest common divisor of 104 and 13247?
13
What is the highest common divisor of 850 and 34?
34
What is the greatest common divisor of 2009 and 369?
41
Calculate the greatest common factor of 90 and 405.
45
What is the highest common divisor of 248 and 1829?
31
What is the greatest common factor of 24 and 9?
3
Calculate the greatest common factor of 2 and 82.
2
What is the highest common divisor of 9996 and 1020?
204
Calculate the highest common factor of 55 and 85.
5
What is the greatest common divisor of 59 and 4661?
59
Calculate the highest common divisor of 1908 and 108.
36
Calculate the highest common factor of 598 and 184.
46
Calculate the greatest common factor of 272 and 16.
16
Calculate the greatest common factor of 44 and 154.
22
What is the greatest common factor of 1102 and 38?
38
What is the highest common factor of 115 and 3427?
23
Calculate the greatest common divisor of 11224 and 184.
184
What is the highest common divisor of 4221 and 63?
63
Calculate the greatest common divisor of 480 and 580.
20
Calculate the greatest common factor of 23 and 207.
23
Calculate the highest common divisor of 155 and 217.
31
Calculate the greatest common factor of 4374 and 144.
18
Calculate the highest common factor of 58 and 2.
2
What is the greatest common factor of 24 and 488?
8
Calculate the highest common factor of 303 and 33.
3
What is the greatest common factor of 25 and 225?
25
What is the greatest common divisor of 345 and 105?
15
Calculate the highest common factor of 8371 and 77.
11
Calculate the highest common factor of 29 and 9425.
29
What is the highest common divisor of 225 and 333?
9
What is the highest common factor of 2021 and 1034?
47
Calculate the greatest common factor of 1 and 79.
1
What is the greatest common divisor of 2655 and 2065?
295
Calculate the greatest common divisor of 50 and 275.
25
Calculate the greatest common divisor of 304 and 19.
19
What is the highest common divisor of 13728 and 480?
96
What is the highest common divisor of 84 and 204?
12
Calculate the highest common factor of 26 and 104.
26
What is the highest common divisor of 374 and 286?
22
What is the greatest common factor of 155 and 130?
5
Calculate the greatest common divisor of 24 and 64.
8
Calculate the highest common factor of 39 and 793.
13
Calculate the greatest common divisor of 308 and 110.
22
What is the greatest common divisor of 2 and 47?
1
Calculate the highest common factor of 1081 and 23.
23
What is the highest common divisor of 344 and 129?
43
Calculate the highest common factor of 910 and 490.
70
Calculate the highest common factor of 52 and 1963.
13
What is the greatest common divisor of 111 and 851?
37
What is the highest common factor of 53 and 901?
53
What is the highest common factor of 154 and 4862?
22
Calculate the greatest common factor of 6 and 2.
2
Calculate the highest common factor of 1556 and 24.
4
Calculate the highest common divisor of 3611 and 460.
23
What is the greatest common divisor of 203 and 29?
29
Calculate the greatest common factor of 36 and 8.
4
Calculate the highest common divisor of 23 and 207.
23
Calculate the highest common divisor of 592 and 16.
16
What is the greatest common divisor of 15 and 195?
15
Calculate the highest common factor of 30 and 372.
6
Calculate the greatest common divisor of 19 and 1216.
19
What is the greatest common divisor of 6 and 978?
6
Calculate the highest common divisor of 78 and 78.
78
What is the highest common factor of 825 and 66?
33
Calculate the highest common factor of 32 and 3232.
32
Calculate the greatest common divisor of 28 and 532.
28
Calculate the greatest common factor of 21 and 651.
21
What is the highest common factor of 888 and 24?
24
What is the greatest common factor of 1358 and 154?
14
Calculate the highest common divisor of 12631 and 34.
17
What is the highest common divisor of 414 and 18?
18
What is the greatest common factor of 2346 and 102?
102
What is the greatest common divisor of 183 and 21228?
183
Calculate the highest common factor of 10 and 905.
5
Calculate the highest common factor of 15 and 1815.
15
What is the greatest common factor of 387 and 688?
43
What is the highest common divisor of 88 and 54472?
88
What is the highest common divisor of 65 and 52?
13
What is the greatest common factor of 175 and 75?
25
What is the greatest common factor of 70 and 70?
70
What is the greatest common factor of 195 and 4695?
15
Calculate the greatest common factor of 3 and 813.
3
What is the greatest common factor of 3 and 4?
1
Calculate the greatest common factor of 4924 and 12.
4
What is the greatest common divisor of 416 and 224?
32
What is the highest common divisor of 58 and 1247?
29
What is the greatest common divisor of 88 and 2464?
88
What is the highest common factor of 624 and 1131?
39
Calculate the greatest common factor of 35 and 3787.
7
Calculate the greatest common divisor of 5